151
Calculate the remainder when 223488925 is divided by 287.
16
Calculate the remainder when 170262898 is divided by 7739222.
14
What is the remainder when 200055 is divided by 9890?
2255
What is the remainder when 277754 is divided by 1877?
1835
What is the remainder when 35031 is divided by 248?
63
What is the remainder when 3416260 is divided by 142344?
4
Calculate the remainder when 134494 is divided by 16644.
1342
What is the remainder when 250547498 is divided by 721?
719
Calculate the remainder when 136141489 is divided by 9.
1
Calculate the remainder when 21403 is divided by 270.
73
What is the remainder when 52364 is divided by 1767?
1121
Calculate the remainder when 104735481 is divided by 880130.
11
What is the remainder when 141622 is divided by 259?
208
What is the remainder when 5496700 is divided by 54967?
0
Calculate the remainder when 887018 is divided by 2078.
1790
What is the remainder when 571592 is divided by 173?
0
What is the remainder when 7662372 is divided by 1595?
1587
Calculate the remainder when 14072 is divided by 363.
278
Calculate the remainder when 51208 is divided by 50401.
807
What is the remainder when 318780 is divided by 318742?
38
Calculate the remainder when 17847136 is divided by 46.
10
Calculate the remainder when 14723101 is divided by 3322.
3319
Calculate the remainder when 1283811 is divided by 1922.
1837
Calculate the remainder when 439207 is divided by 283.
274
What is the remainder when 5163678 is divided by 29?
25
Calculate the remainder when 107553996 is divided by 56.
4
Calculate the remainder when 7988902 is divided by 3994409.
84
Calculate the remainder when 123852 is divided by 12286.
992
What is the remainder when 627136 is divided by 709?
380
What is the remainder when 658056 is divided by 109?
23
Calculate the remainder when 129679 is divided by 303.
298
What is the remainder when 83152442 is divided by 5?
2
What is the remainder when 471369 is divided by 6831?
30
Calculate the remainder when 174272 is divided by 87037.
198
What is the remainder when 2026890 is divided by 2026882?
8
What is the remainder when 51416668 is divided by 26354?
14
What is the remainder when 608167 is divided by 80?
7
What is the remainder when 74602 is divided by 37204?
194
What is the remainder when 8848020 is divided by 421333?
27
What is the remainder when 87109334 is divided by 3959515?
4
Calculate the remainder when 583945 is divided by 5257.
418
Calculate the remainder when 85387 is divided by 85337.
50
Calculate the remainder when 39460 is divided by 7832.
300
Calculate the remainder when 46916 is divided by 168.
44
Calculate the remainder when 144855 is divided by 5043.
3651
Calculate the remainder when 140592 is divided by 2343.
12
What is the remainder when 886369945 is divided by 166?
163
What is the remainder when 30437 is divided by 386?
329
What is the remainder when 9341327 is divided by 143?
138
What is the remainder when 3961 is divided by 3645?
316
What is the remainder when 200421 is divided by 15378?
507
What is the remainder when 32124987 is divided by 14?
13
What is the remainder when 187278412 is divided by 86?
82
What is the remainder when 58862 is divided by 1353?
683
What is the remainder when 15834320 is divided by 25?
20
What is the remainder when 28804049 is divided by 1152161?
24
What is the remainder when 4572307 is divided by 4168?
11
Calculate the remainder when 826531 is divided by 21188.
199
Calculate the remainder when 53143 is divided by 26483.
177
Calculate the remainder when 490747 is divided by 135.
22
What is the remainder when 5282694 is divided by 65?
14
Calculate the remainder when 449425 is divided by 2.
1
Calculate the remainder when 19670380 is divided by 728532.
16
What is the remainder when 67548 is divided by 979?
976
What is the remainder when 6764026 is divided by 102?
100
What is the remainder when 10348679 is divided by 59?
20
What is the remainder when 125559 is divided by 156?
135
What is the remainder when 17432752 is divided by 53?
45
Calculate the remainder when 25328706 is divided by 1101247.
25
Calculate the remainder when 15649 is divided by 733.
256
What is the remainder when 602099 is divided by 25?
24
Calculate the remainder when 115433 is divided by 211.
16
What is the remainder when 2361262 is divided by 5318?
70
Calculate the remainder when 4582541 is divided by 843.
836
What is the remainder when 11653 is divided by 2330?
3
What is the remainder when 81806 is divided by 1315?
276
Calculate the remainder when 553957 is divided by 276951.
55
Calculate the remainder when 33295669 is divided by 594565.
29
Calculate the remainder when 2542180 is divided by 230.
220
Calculate the remainder when 3304494 is divided by 236035.
4
Calculate the remainder when 7842736 is divided by 542.
538
What is the remainder when 107491 is divided by 2740?
631
Calculate the remainder when 406984 is divided by 203173.
638
What is the remainder when 358528 is divided by 59736?
112
Calculate the remainder when 109338 is divided by 2603.
12
Calculate the remainder when 9006798 is divided by 2251512.
750
What is the remainder when 7372152 is divided by 7927?
42
Calculate the remainder when 2656034 is divided by 108.
98
Calculate the remainder when 17569 is divided by 779.
431
What is the remainder when 113662 is divided by 198?
10
Calculate the remainder when 1760027 is divided by 65186.
5
Calculate the remainder when 68638 is divided by 409.
335
Calculate the remainder when 184755 is divided by 1330.
1215
Calculate the remainder when 631310 is divided by 1536.
14
What is the remainder when 109565 is divided by 109559?
6
What is the remainder when 2073612 is divided by 3302?
3258
What is the remainder when 7716 is divided by 7405?
311
Calculate the remainder when 40428888 is divided by 1332.
24
Calculate the remainder when 30116 is divided by 2843.
1686
Calculate the remainder when 589740 is divided by 223.
128
Calculate the remainder when 42614 is divided by 497.
369
What is the remainder when 2732842 is divided by 166?
150
What is the remainder when 1839159 is divided by 332?
211
What is the remainder when 23417328 is divided by 3308?
3304
What is the remainder when 193706 is divided by 149?
6
What is the remainder when 6022347 is divided by 30?
27
Calculate the remainder when 1390943 is divided by 231711.
677
What is the remainder when 63378311 is divided by 20?
11
What is the remainder when 7172656 is divided by 3586314?
28
Calculate the remainder when 365860 is divided by 841.
25
Calculate the remainder when 515519 is divided by 841.
827
What is the remainder when 20283590 is divided by 16?
6
What is the remainder when 12395693 is divided by 78?
11
What is the remainder when 6451422 is divided by 6313?
5849
What is the remainder when 9223 is divided by 9166?
57
What is the remainder when 658885 is divided by 29949?
7
What is the remainder when 41002 is divided by 20499?
4
What is the remainder when 5868 is divided by 1372?
380
Calculate the remainder when 28836 is divided by 28707.
129
What is the remainder when 15602470 is divided by 3945?
3940
What is the remainder when 22718781 is divided by 1269?
1143
What is the remainder when 1134286 is divided by 946?
32
What is the remainder when 33606 is divided by 1905?
1221
What is the remainder when 2836354 is divided by 1076?
18
Calculate the remainder when 27030519 is divided by 2304.
2295
What is the remainder when 295758 is divided by 543?
366
Calculate the remainder when 547736190 is divided by 25.
15
What is the remainder when 44216 is divided by 39124?
5092
What is the remainder when 61714 is divided by 4306?
1430
Calculate the remainder when 9234761 is divided by 43975.
11
Calculate the remainder when 653705137 is divided by 662.
659
What is the remainder when 816652 is divided by 9722?
4
Calculate the remainder when 98230507 is divided by 108903.
1
What is the remainder when 9786711 is divided by 515086?
77
What is the remainder when 375109 is divided by 1495?
1359
What is the remainder when 13401478 is divided by 50763?
46
Calculate the remainder when 36277 is divided by 6765.
2452
What is the remainder when 19820161 is divided by 3303339?
127
What is the remainder when 15226392 is divided by 793?
792
What